of 3567210730?
2, 5, 6733, 52981
List the prime factors of 111844584.
2, 3, 23, 47, 479
List the prime factors of 1819049903.
11, 1571, 105263
What are the prime factors of 313884923?
11, 17, 98737
List the prime factors of 824988075.
3, 5, 19, 37, 15647
List the prime factors of 497348612.
2, 229, 577, 941
List the prime factors of 138001540.
2, 5, 6900077
What are the prime factors of 97530914?
2, 13, 19, 15187
What are the prime factors of 91109079?
3, 67, 139, 1087
What are the prime factors of 142154854?
2, 199, 251, 1423
What are the prime factors of 1290039143?
19, 67896797
List the prime factors of 16889464.
2, 37, 57059
What are the prime factors of 263523048?
2, 3, 10980127
What are the prime factors of 24097881?
3, 31, 53, 4889
What are the prime factors of 8168563?
13, 599, 1049
List the prime factors of 19081466.
2, 67, 157, 907
What are the prime factors of 3049161659?
3049161659
List the prime factors of 26131577.
47, 613, 907
What are the prime factors of 5678113236?
2, 3, 53, 8927851
List the prime factors of 7798244.
2, 151, 12911
List the prime factors of 16469011.
13, 1266847
List the prime factors of 4409206999.
9421, 468019
What are the prime factors of 38995607?
7, 5570801
What are the prime factors of 405972413?
7, 11, 5272369
List the prime factors of 52398340.
2, 5, 2619917
List the prime factors of 339316133.
13, 26101241
What are the prime factors of 59271049?
281, 210929
List the prime factors of 94483608.
2, 3, 73, 199, 271
List the prime factors of 2178882256.
2, 136180141
List the prime factors of 263258107.
7, 17, 31, 71363
List the prime factors of 1388811.
3, 462937
List the prime factors of 2155320058.
2, 1077660029
List the prime factors of 171637720.
2, 5, 4290943
List the prime factors of 431014363.
13, 33154951
What are the prime factors of 4199485806?
2, 3, 233304767
What are the prime factors of 465959288?
2, 97, 600463
What are the prime factors of 260177541?
3, 13, 23, 12611
List the prime factors of 1436262229.
1436262229
List the prime factors of 52773871.
52773871
List the prime factors of 3365578038.
2, 3, 560929673
What are the prime factors of 2315735?
5, 197, 2351
What are the prime factors of 189352032?
2, 3, 1972417
List the prime factors of 132447902.
2, 66223951
What are the prime factors of 320757439?
179, 1791941
What are the prime factors of 2662571496?
2, 3, 13, 8533883
What are the prime factors of 42715485?
3, 5, 23, 13757
What are the prime factors of 58296398?
2, 23, 563, 2251
What are the prime factors of 4176518194?
2, 73, 113, 253153
What are the prime factors of 39976131?
3, 13, 1025029
List the prime factors of 63205921.
63205921
What are the prime factors of 1916591927?
83, 1069, 21601
List the prime factors of 387115695.
3, 5, 139, 199, 311
List the prime factors of 27160077.
3, 7, 569, 2273
List the prime factors of 640624698.
2, 3, 7, 1931, 2633
What are the prime factors of 153674137?
153674137
What are the prime factors of 1354264243?
29, 4133, 11299
What are the prime factors of 457141475?
5, 7, 17, 37, 4153
List the prime factors of 90334504.
2, 13, 269, 3229
What are the prime factors of 103886715?
3, 5, 6925781
List the prime factors of 240660244.
2, 11, 5469551
List the prime factors of 305447281.
281, 1087001
List the prime factors of 263920410.
2, 3, 5, 13, 17, 4423
What are the prime factors of 4288970685?
3, 5, 285931379
What are the prime factors of 963545966?
2, 47, 10250489
List the prime factors of 5131242170.
2, 5, 53, 9681589
List the prime factors of 187710970.
2, 5, 18771097
What are the prime factors of 7544021481?
3, 103, 397, 6833
List the prime factors of 307693271.
307693271
List the prime factors of 40161579.
3, 13387193
List the prime factors of 3715823643.
3, 7, 176943983
What are the prime factors of 525062579?
18541, 28319
What are the prime factors of 21888988?
2, 11, 19, 26183
List the prime factors of 371692436.
2, 92923109
What are the prime factors of 8454807?
3, 487, 643
What are the prime factors of 12318163?
11, 13, 41, 191
What are the prime factors of 134311963?
29, 1759, 2633
List the prime factors of 199540130.
2, 5, 547, 36479
List the prime factors of 333355757.
7, 2203, 21617
List the prime factors of 1276100628.
2, 3, 11, 23, 420323
List the prime factors of 2207882030.
2, 5, 71, 3109693
What are the prime factors of 89280462?
2, 3, 227, 65551
What are the prime factors of 52259140?
2, 5, 2612957
List the prime factors of 156359286.
2, 3, 263, 33029
List the prime factors of 2288138765.
5, 11, 41602523
What are the prime factors of 1979511176?
2, 247438897
List the prime factors of 2075616159.
3, 29, 179, 133283
List the prime factors of 190373687.
7, 2909, 9349
List the prime factors of 82239822.
2, 3, 7, 43, 353
What are the prime factors of 125598562?
2, 5417, 11593
What are the prime factors of 1636969521?
3, 11, 109, 455093
List the prime factors of 441399384.
2, 3, 6130547
What are the prime factors of 1015435342?
2, 7109, 71419
What are the prime factors of 757843052?
2, 189460763
List the prime factors of 54903844.
2, 19, 29, 859
List the prime factors of 32313175.
5, 17, 76031
List the prime factors of 42415455.
3, 5, 101, 27997
What are the prime factors of 546047170?
2, 5, 54604717
What are the prime factors of 294198476?
2, 11, 13, 514333
List the prime factors of 695567635.
5, 7, 19873361
List the prime factors of 118391829.
3, 1609, 24527
What are the prime factors of 1658461183?
1658461183
What are the prime factors of 157409611?
101, 1558511
List the prime factors of 34771649.
11, 41, 43, 163
What are the prime factors of 3837918?
2, 3, 7, 23, 29, 137
What are the prime factors of 1948306992?
2, 3, 40589729
List the prime factors of 336823072.
2, 10525721
What are the prime factors of 56608824?
2, 3, 2358701
List the prime factors of 2181724949.
181, 12053729
What are the prime factors of 61570456?
2, 631, 12197
List the prime factors of 81865524.
2, 3, 13, 509, 1031
What are the prime factors of 293873126?
2, 146936563
List the prime factors of 7272450.
2, 3, 5, 5387
What are the prime factors of 169723150?
2, 5, 43, 78941
List the prime factors of 41646508.
2, 1097, 9491
What are the prime factors of 103535772?
2, 3, 1627, 5303
What are the prime factors of 315705847?
315705847
List the prime factors of 131503994.
2, 37, 1777081
List the prime factors of 568385775.
3, 5, 23, 31, 1181
List the prime factors of 42379344.
2, 3, 7, 42043
List the prime factors of 1415721830.
2, 5, 163, 347, 2503
List the prime factors of 279835279.
14207, 19697
What are the prime factors of 721351508?
2, 180337877
What are the prime factors of 3985457828?
2, 11, 8234417
List the prime factors of 24982635.
3, 5, 137, 12157
List the prime factors of 168217893.
3, 29, 644513
List the prime factors of 102440033.
149, 687517
What are the prime factors of 73653669?
3, 163, 50207
What are the prime factors of 446146489?
5521, 80809
List the prime factors of 90228722.
2, 45114361
What are the prime factors of 905823489?
3, 301941163
What are the prime factors of 170612178?
2, 3, 11, 235003
What are the prime factors of 1340662146?
2, 3, 31, 7207861
List the prime factors of 338809223.
8011, 42293
What are the prime factors of 44032315?
5, 521, 16903
What are the prime factors of 245647719?
3, 29, 941179
List the prime factors of 3460081993.
179, 2797, 6911
What are the prime factors of 1140756089?
11, 103705099
What are the prime factors of 259163268?
2, 3, 7, 13, 19, 12491
What are the prime factors of 2007045441?
3, 223005049
List the prime factors of 82409505.
3, 5, 5493967
What are the prime factors of 31069827?
3, 3452203
List the prime factors of 14585803.
59, 173, 1429
What are the prime factors of 273452978?
2, 19, 7196131
List the prime factors of 2151548349.
3, 41, 269, 65027
List the prime factors of 4660788548.
2, 13, 257, 348757
List the prime factors of 23719705.
5, 4743941
What are the prime factors of 73859838?
2, 3, 13, 151, 6271
List the prime factors of 1721976685.
5, 11, 13, 31, 77689
What are the prime factors of 326445000?
2, 3, 5, 7, 3109
What are the prime factors of 142994429?
17, 41, 205157
What are the prime factors of 7606094933?
17, 149, 3002801
What are the prime factors of 1829065025?
5, 6043, 12107
List